se 15, what is -58e2 - d5?
-59c7
In base 4, what is 23202310231000 + -1?
23202310230333
In base 7, what is 1333 - -41203?
42536
In base 16, what is 102be - 73?
1024b
In base 16, what is 37d12 - 554?
377be
In base 16, what is -921542 - 6?
-921548
In base 8, what is -203325265 + 65?
-203325200
In base 16, what is f613b5 - 2?
f613b3
In base 10, what is 4 + 3066489?
3066493
In base 3, what is 121001211 - -20210001?
211211212
In base 16, what is 60e2 - -d?
60ef
In base 15, what is -279e5 + -e?
-27a04
In base 5, what is 34233143 - 40?
34233103
In base 5, what is -13303 - 400403?
-414211
In base 4, what is 10 + -110312300?
-110312230
In base 5, what is -113 - 1300021?
-1300134
In base 13, what is -a64 - -5085?
4321
In base 14, what is 3 + -2856b99b?
-2856b998
In base 15, what is 17 - 1c7215?
-1c71ed
In base 4, what is 12113 - 202222?
-130103
In base 9, what is 27 - -1151640?
1151667
In base 3, what is 0 - -2112022101202?
2112022101202
In base 8, what is -2502465 + 333?
-2502132
In base 12, what is 2 - -709045?
709047
In base 7, what is 12162 - -265565?
311060
In base 9, what is 117 + -34440?
-34322
In base 7, what is -35 + 3231102?
3231034
In base 8, what is 12423 - 33140?
-20515
In base 3, what is 10 + 12101100100202101?
12101100100202111
In base 7, what is 100451 - 135?
100313
In base 14, what is -668078b - 1?
-668078c
In base 8, what is -6606712 + 5?
-6606705
In base 6, what is -4225021 + 52?
-4224525
In base 9, what is -271548751 + -2?
-271548753
In base 16, what is ef24cd2 + 5?
ef24cd7
In base 10, what is 58 - 116605?
-116547
In base 9, what is -28 + 676601?
676562
In base 9, what is -5646 - -262?
-5374
In base 6, what is 23225055 - 541?
23224114
In base 12, what is 13 - 4425b80?
-4425b69
In base 4, what is 11 - 3021032112211?
-3021032112200
In base 14, what is -c57 - 524d?
-60a6
In base 6, what is 430 - -151512?
152342
In base 3, what is 102210200101102 - -20?
102210200101122
In base 4, what is -1033032303113 - 1?
-1033032303120
In base 13, what is -241 - a4055?
-a4296
In base 8, what is 10 - -102324060?
102324070
In base 7, what is 30505 + 6204?
40012
In base 16, what is 68dc10 + 2?
68dc12
In base 9, what is 4 - -255410836?
255410841
In base 7, what is 1101025 + -1026?
1066666
In base 4, what is 11031 - -3013231221?
3013302312
In base 12, what is a821 - 25?
a7b8
In base 13, what is 4 + 2620a7?
2620ab
In base 12, what is 0 - 34914018?
-34914018
In base 13, what is 1 + 155294?
155295
In base 12, what is 3b703039 + 0?
3b703039
In base 5, what is -2421423 - -3002?
-2413421
In base 9, what is -88 - -686065?
685866
In base 10, what is 308779 + -200?
308579
In base 12, what is -121 + 2040?
1b1b
In base 13, what is 15ab + -40c?
119c
In base 14, what is -2882 + d8a7?
b025
In base 11, what is -2a291 - -170?
-2a121
In base 7, what is 41012141 - -51?
41012222
In base 10, what is 9 - -19004196?
19004205
In base 5, what is -14330314421 - 3?
-14330314424
In base 9, what is -43 - 1613466?
-1613520
In base 14, what is 3 - 447497b?
-4474978
In base 7, what is 1 + -1541116435?
-1541116434
In base 11, what is 72945 - -2127?
74a71
In base 3, what is -22022010020110020 - -12?
-22022010020110001
In base 2, what is -100 + -1111101100001001011010?
-1111101100001001011110
In base 13, what is -4 + -35b0841?
-35b0845
In base 13, what is 1 + -5948472?
-5948471
In base 2, what is 101101111111011101 + -11100000010?
101101100011011011
In base 14, what is -4 - -12a58d4c?
12a58d48
In base 6, what is -1234 + -1423421?
-1425055
In base 6, what is 30 + 35240112?
35240142
In base 13, what is -268115bc - -3?
-268115b9
In base 12, what is -812a - 3195a?
-39a88
In base 10, what is 3 + -248442771?
-248442768
In base 2, what is -1001100 - -1111110010001110?
1111110001000010
In base 11, what is -4937283 + 2?
-4937281
In base 11, what is 5 + -83012200?
-830121a6
In base 9, what is 338 - 110658?
-110320
In base 14, what is 14 + 9b0add?
9b0b13
In base 13, what is 2493 - -12?
24a5
In base 9, what is 0 - -313444462?
313444462
In base 12, what is 2 - aa018b1?
-aa018ab
In base 12, what is 4 - -7777b0?
7777b4
In base 8, what is 3650565153 + -1?
3650565152
In base 3, what is 1102001010 - 120002110?
211221200
In base 2, what is 1011100000 + 11011001000100000?
11011010100000000
In base 15, what is 2e93a + -a8?
2e882
In base 4, what is -3122 - -10003202331?
10003133203
In base 7, what is -6 + -22055665?
-22056004
In base 9, what is 441743 + -33?
441710
In base 4, what is -111001120332 - -331?
-111001120001
In base 3, what is 110 - 1102020120202?
-1102020120022
In base 5, what is -1042042201414 - -1?
-1042042201413
In base 10, what is -284244 - 56?
-284300
In base 7, what is -14501 + 552606?
535105
In base 4, what is -3011301111 + 320?
-3011300131
In base 2, what is 110010000111000011101111111011 + 101?
110010000111000011110000000000
In base 8, what is -302 + 1240006?
1237504
In base 8, what is -12 + -1202446?
-1202460
In base 10, what is -2 - -2011395?
2011393
In base 9, what is -23 - 4520182?
-4520215
In base 2, what is 10110010101000011 - -110100111?
10110011011101010
In base 2, what is 1000011110 - -10000100000?
11000111110
In base 13, what is -59350 - -143?
-5920a
In base 2, what is 1000110010101011110010 - 1001?
1000110010101011101001
In base 15, what is -b7 - 9aad?
-9b75
In base 2, what is -101110100111000000000001 - 111?
-101110100111000000001000
In base 15, what is -17a1920 + -2?
-17a1922
In base 11, what is 0 + 17659a1?
17659a1
In base 10, what is 16 + 1516829?
1516845
In base 9, what is -42 - -116487?
116445
In base 11, what is 12a0659 + 6?
12a0664
In base 3, what is 1022001020 + 222211?
1100001001
In base 3, what is 222 - -200221102021102?
200221102022101
In base 13, what is -74 + -2c414a?
-2c41c1
In base 9, what is -5 + -2858766?
-2858772
In base 4, what is 3212 + 12231223?
12301101
In base 3, what is -120 + 100000122101?
100000121211
In base 4, what is -2 + 131033230301?
131033230233
In base 8, what is -23 + -3754304?
-3754327
In base 4, what is -211 - -200000200211?
200000200000
In base 3, what is -11200011 + -1101222?
-20002010
In base 11, what is 63515675 + -3?
63515672
In base 12, what is 282a - -1070b?
13339
In base 9, what is 6 - -203888352?
203888358
In base 4, what is 102133023031 - -211?
102133023302
In base 16, what is 112e093 - 1d?
112e076
In base 3, what is 221021121110211 - -10?
221021121110221
In base 10, what is 2 + -28736598?
-28736596
In base 4, what is -2202 + 1103202220?
1103200012
In base 2, what is 100110000 + 1001110111111001011?
1001111000011111011
In base 6, what is -3 + -15152350?
-15152353
In base 3, what is -11100020122112 + 1?
-11100020122111
In base 13, what is -14 + -21b891?
-21b8a5
In base 11, what is 1170 - -26841?
27a01
In base 5, what is -301334 - 340122?
-1142011
In base 12, what is 8a86555 + -4?
8a86551
In base 7, what is 112162654 + 0?
112162654
In base 11, what is 752 + 6630?
7282
In base 12, what is -3 - -3785074?
3785071
In base 12, what is -11277 - 1063?
-1231a
In base 9, what is -2000563712 - -5?
-2000563706
In base 5, what is -10 + 1113300003?
1113244443
In base 10, what is -18852 + 478?
-18374
In base 16, what is -4 - 11d3edb?
-11d3edf
In base 5, what is -3322110104 + -111?
-3322110220
In base 15, what is -3 + -eda99b?
-eda99e
In base 3, what is -100201212100021 - -100?
-100201212022221
In base 16, what is 11b15 - -d0?
11be5
In base 15, what is -b + 11498e?
114983
In base 2, what is -100010001001000010001001000 - 10000?
-100010001001000010001011000
In base 4, what is 2111 - 1111233112?
-1111231001
In base 4, what is 233112 - 332312133?
-332013021
In base 4, what is 2332032 - 231231?
2100201
In base 12, what is -137b3a42 - -15?
-137b3a29
In base 12, what is 11a70 - 12a7?
10785
In base 14, what is -163d5ca + -24?
-163d610
In base 9, what is -165 - -43328?
43153
In base 15, what is 488 + -3bd85?
-3b8ec
In base 5, what is -3412203440 - -3?
-3412203432
In base 5, what is -20 - 303341414?
-303341434
In base 15, what is 4 - 1b8bc?
-1b8b8
In base 11, what is -295509 - 17?
-295525
In base 15, what is -7 + -194b0?
-194b7
In base 12, what is 618 + -1140?
-724
In base 13, what is 9a4 - 1915b1?
-19090a
In base 7, what is 116240 + 45305?
164545
In base 5, what is 1033433 - -1423?
1040411
In base 14, what is -4 + 657a64?
657a60
In base 7, what is 352 +